11
Calculate the remainder when 775 is divided by 703.
72
Calculate the remainder when 260 is divided by 37.
1
Calculate the remainder when 82 is divided by 42.
40
What is the remainder when 91 is divided by 91?
0
Calculate the remainder when 27 is divided by 11.
5
What is the remainder when 1212 is divided by 76?
72
Calculate the remainder when 895 is divided by 16.
15
What is the remainder when 356 is divided by 123?
110
What is the remainder when 735 is divided by 309?
117
Calculate the remainder when 119 is divided by 61.
58
What is the remainder when 878 is divided by 10?
8
What is the remainder when 4387 is divided by 26?
19
Calculate the remainder when 5890 is divided by 67.
61
What is the remainder when 1221 is divided by 55?
11
Calculate the remainder when 2404 is divided by 57.
10
What is the remainder when 120 is divided by 63?
57
Calculate the remainder when 44 is divided by 28.
16
What is the remainder when 1151 is divided by 87?
20
What is the remainder when 389 is divided by 26?
25
Calculate the remainder when 780 is divided by 29.
26
What is the remainder when 450 is divided by 117?
99
Calculate the remainder when 301 is divided by 105.
91
Calculate the remainder when 91 is divided by 19.
15
What is the remainder when 14219 is divided by 254?
249
Calculate the remainder when 1164 is divided by 16.
12
Calculate the remainder when 235 is divided by 35.
25
Calculate the remainder when 174 is divided by 15.
9
Calculate the remainder when 128 is divided by 121.
7
What is the remainder when 57 is divided by 57?
0
Calculate the remainder when 357 is divided by 23.
12
Calculate the remainder when 400 is divided by 29.
23
What is the remainder when 52 is divided by 19?
14
What is the remainder when 497 is divided by 164?
5
Calculate the remainder when 1168 is divided by 239.
212
Calculate the remainder when 19662 is divided by 23.
20
What is the remainder when 285 is divided by 8?
5
What is the remainder when 47651 is divided by 418?
417
What is the remainder when 1635 is divided by 11?
7
What is the remainder when 4587 is divided by 1145?
7
What is the remainder when 95 is divided by 12?
11
What is the remainder when 596 is divided by 79?
43
Calculate the remainder when 2089 is divided by 41.
39
Calculate the remainder when 15436 is divided by 249.
247
What is the remainder when 92 is divided by 10?
2
What is the remainder when 60 is divided by 53?
7
What is the remainder when 220 is divided by 42?
10
Calculate the remainder when 359 is divided by 18.
17
What is the remainder when 1899 is divided by 20?
19
Calculate the remainder when 50 is divided by 15.
5
What is the remainder when 129 is divided by 37?
18
Calculate the remainder when 898 is divided by 18.
16
Calculate the remainder when 815 is divided by 50.
15
Calculate the remainder when 477 is divided by 159.
0
Calculate the remainder when 1570 is divided by 83.
76
Calculate the remainder when 608 is divided by 21.
20
Calculate the remainder when 223 is divided by 75.
73
Calculate the remainder when 33 is divided by 16.
1
What is the remainder when 21527 is divided by 184?
183
What is the remainder when 464 is divided by 39?
35
Calculate the remainder when 1665 is divided by 138.
9
What is the remainder when 364 is divided by 3?
1
Calculate the remainder when 1846 is divided by 17.
10
Calculate the remainder when 133 is divided by 49.
35
What is the remainder when 2747 is divided by 55?
52
What is the remainder when 318 is divided by 20?
18
What is the remainder when 1733 is divided by 28?
25
What is the remainder when 6 is divided by 3?
0
Calculate the remainder when 938 is divided by 5.
3
Calculate the remainder when 2629 is divided by 29.
19
What is the remainder when 140 is divided by 19?
7
Calculate the remainder when 25227 is divided by 145.
142
Calculate the remainder when 264 is divided by 19.
17
Calculate the remainder when 1713 is divided by 245.
243
Calculate the remainder when 8757 is divided by 19.
17
Calculate the remainder when 250 is divided by 2.
0
What is the remainder when 77 is divided by 16?
13
Calculate the remainder when 2515 is divided by 1245.
25
What is the remainder when 70 is divided by 37?
33
Calculate the remainder when 159 is divided by 33.
27
What is the remainder when 93 is divided by 26?
15
Calculate the remainder when 163 is divided by 12.
7
What is the remainder when 183 is divided by 25?
8
Calculate the remainder when 4929 is divided by 29.
28
What is the remainder when 2855 is divided by 36?
11
Calculate the remainder when 631 is divided by 38.
23
What is the remainder when 1633 is divided by 182?
177
What is the remainder when 10572 is divided by 45?
42
Calculate the remainder when 38 is divided by 11.
5
Calculate the remainder when 2226 is divided by 23.
18
What is the remainder when 589 is divided by 294?
1
Calculate the remainder when 499 is divided by 174.
151
Calculate the remainder when 460 is divided by 63.
19
What is the remainder when 863 is divided by 99?
71
Calculate the remainder when 712 is divided by 51.
49
Calculate the remainder when 487 is divided by 100.
87
What is the remainder when 575 is divided by 256?
63
What is the remainder when 4350 is divided by 128?
126
What is the remainder when 1743 is divided by 194?
191
Calculate the remainder when 239 is divided by 22.
19
What is the remainder when 2526 is divided by 1258?
10
Calculate the remainder when 228 is divided by 52.
20
Calculate the remainder when 5456 is divided by 156.
152
Calculate the remainder when 219 is divided by 55.
54
Calculate the remainder when 361 is divided by 52.
49
Calculate the remainder when 202 is divided by 120.
82
What is the remainder when 3846 is divided by 193?
179
Calculate the remainder when 1053 is divided by 62.
61
Calculate the remainder when 77 is divided by 5.
2
What is the remainder when 258 is divided by 52?
50
Calculate the remainder when 3096 is divided by 77.
16
What is the remainder when 193 is divided by 36?
13
What is the remainder when 200 is divided by 29?
26
What is the remainder when 355 is divided by 280?
75
Calculate the remainder when 3342 is divided by 64.
14
What is the remainder when 3414 is divided by 244?
242
Calculate the remainder when 100 is divided by 44.
12
What is the remainder when 584 is divided by 30?
14
Calculate the remainder when 321 is divided by 7.
6
What is the remainder when 342 is divided by 107?
21
What is the remainder when 3073 is divided by 1022?
7
Calculate the remainder when 101 is divided by 30.
11
What is the remainder when 143 is divided by 32?
15
What is the remainder when 162 is divided by 55?
52
What is the remainder when 190 is divided by 22?
14
Calculate the remainder when 123 is divided by 33.
24
What is the remainder when 2740 is divided by 6?
4
Calculate the remainder when 1694 is divided by 8.
6
What is the remainder when 35 is divided by 6?
5
What is the remainder when 483 is divided by 81?
78
What is the remainder when 862 is divided by 144?
142
What is the remainder when 1580 is divided by 12?
8
Calculate the remainder when 1315 is divided by 44.
39
What is the remainder when 27 is divided by 10?
7
What is the remainder when 145 is divided by 27?
10
What is the remainder when 82 is divided by 72?
10
Calculate the remainder when 3750 is divided by 27.
24
Calculate the remainder when 182 is divided by 9.
2
What is the remainder when 1501 is divided by 217?
199
What is the remainder when 223 is divided by 13?
2
Calculate the remainder when 1259 is divided by 13.
11
Calculate the remainder when 135 is divided by 120.
15
Calculate the remainder when 2660 is divided by 121.
119
Calculate the remainder when 481 is divided by 69.
67
Calculate the remainder when 223 is divided by 33.
25
Calculate the remainder when 3596 is divided by 41.
29
What is the remainder when 164 is divided by 137?
27
Calculate the remainder when 339 is divided by 173.
166
What is the remainder when 16493 is divided by 117?
113
What is the remainder when 556 is divided by 296?
260
Calculate the remainder when 6592 is divided by 440.
432
What is the remainder when 428 is divided by 125?
53
What is the remainder when 1370 is divided by 135?
20
What is the remainder when 298 is divided by 19?
13
What is the rem